n 569 is divided by 144?
137
What is the remainder when 483 is divided by 223?
37
Calculate the remainder when 915 is divided by 42.
33
What is the remainder when 268 is divided by 69?
61
Calculate the remainder when 719 is divided by 75.
44
Calculate the remainder when 512 is divided by 164.
20
What is the remainder when 228 is divided by 46?
44
Calculate the remainder when 5525 is divided by 18.
17
What is the remainder when 11030 is divided by 17?
14
What is the remainder when 82 is divided by 78?
4
What is the remainder when 1253 is divided by 620?
13
Calculate the remainder when 1258 is divided by 9.
7
What is the remainder when 207 is divided by 31?
21
Calculate the remainder when 122 is divided by 16.
10
Calculate the remainder when 365 is divided by 41.
37
What is the remainder when 1465 is divided by 14?
9
Calculate the remainder when 2751 is divided by 249.
12
What is the remainder when 52555 is divided by 22?
19
Calculate the remainder when 4586 is divided by 139.
138
What is the remainder when 6165 is divided by 121?
115
What is the remainder when 199 is divided by 24?
7
What is the remainder when 235 is divided by 107?
21
Calculate the remainder when 614 is divided by 203.
5
Calculate the remainder when 40 is divided by 14.
12
What is the remainder when 1500 is divided by 9?
6
Calculate the remainder when 3146 is divided by 67.
64
Calculate the remainder when 234 is divided by 24.
18
Calculate the remainder when 1595 is divided by 682.
231
What is the remainder when 88 is divided by 13?
10
What is the remainder when 791 is divided by 15?
11
What is the remainder when 65 is divided by 6?
5
Calculate the remainder when 4297 is divided by 47.
20
Calculate the remainder when 1692 is divided by 420.
12
What is the remainder when 240 is divided by 22?
20
Calculate the remainder when 33231 is divided by 58.
55
What is the remainder when 458 is divided by 48?
26
What is the remainder when 1051 is divided by 427?
197
Calculate the remainder when 217 is divided by 31.
0
Calculate the remainder when 46 is divided by 23.
0
What is the remainder when 275 is divided by 79?
38
What is the remainder when 278 is divided by 28?
26
What is the remainder when 747 is divided by 44?
43
Calculate the remainder when 247 is divided by 64.
55
Calculate the remainder when 357 is divided by 12.
9
What is the remainder when 20 is divided by 7?
6
What is the remainder when 177 is divided by 14?
9
What is the remainder when 1395 is divided by 3?
0
What is the remainder when 846 is divided by 77?
76
What is the remainder when 935 is divided by 463?
9
What is the remainder when 820 is divided by 103?
99
Calculate the remainder when 2873 is divided by 90.
83
What is the remainder when 109 is divided by 41?
27
What is the remainder when 175 is divided by 53?
16
What is the remainder when 2323 is divided by 28?
27
What is the remainder when 167 is divided by 46?
29
Calculate the remainder when 85 is divided by 27.
4
What is the remainder when 3238 is divided by 15?
13
What is the remainder when 341 is divided by 41?
13
Calculate the remainder when 35 is divided by 15.
5
Calculate the remainder when 104 is divided by 26.
0
Calculate the remainder when 914 is divided by 316.
282
Calculate the remainder when 928 is divided by 310.
308
What is the remainder when 136 is divided by 50?
36
What is the remainder when 32 is divided by 17?
15
Calculate the remainder when 93 is divided by 30.
3
What is the remainder when 66 is divided by 15?
6
Calculate the remainder when 455 is divided by 27.
23
Calculate the remainder when 154 is divided by 39.
37
Calculate the remainder when 111 is divided by 23.
19
Calculate the remainder when 3390 is divided by 1128.
6
What is the remainder when 429 is divided by 12?
9
What is the remainder when 112 is divided by 17?
10
Calculate the remainder when 46 is divided by 5.
1
What is the remainder when 52 is divided by 42?
10
What is the remainder when 995 is divided by 249?
248
What is the remainder when 541 is divided by 246?
49
Calculate the remainder when 199 is divided by 70.
59
What is the remainder when 669 is divided by 67?
66
What is the remainder when 46 is divided by 26?
20
Calculate the remainder when 281 is divided by 130.
21
Calculate the remainder when 2065 is divided by 90.
85
What is the remainder when 612 is divided by 22?
18
What is the remainder when 486 is divided by 146?
48
What is the remainder when 214 is divided by 4?
2
Calculate the remainder when 58 is divided by 10.
8
Calculate the remainder when 256 is divided by 52.
48
What is the remainder when 2035 is divided by 136?
131
What is the remainder when 310 is divided by 26?
24
Calculate the remainder when 64 is divided by 4.
0
Calculate the remainder when 407 is divided by 34.
33
What is the remainder when 898 is divided by 209?
62
What is the remainder when 163 is divided by 53?
4
Calculate the remainder when 56 is divided by 43.
13
Calculate the remainder when 140 is divided by 13.
10
What is the remainder when 11352 is divided by 17?
13
What is the remainder when 799 is divided by 50?
49
Calculate the remainder when 174 is divided by 104.
70
What is the remainder when 910 is divided by 16?
14
What is the remainder when 8020 is divided by 4?
0
What is the remainder when 149 is divided by 69?
11
What is the remainder when 207 is divided by 13?
12
What is the remainder when 582 is divided by 14?
8
Calculate the remainder when 457 is divided by 23.
20
Calculate the remainder when 615 is divided by 22.
21
What is the remainder when 3 is divided by 3?
0
Calculate the remainder when 299 is divided by 104.
91
Calculate the remainder when 264 is divided by 89.
86
What is the remainder when 826 is divided by 69?
67
Calculate the remainder when 102 is divided by 13.
11
Calculate the remainder when 29 is divided by 16.
13
What is the remainder when 5719 is divided by 52?
51
Calculate the remainder when 8351 is divided by 96.
95
Calculate the remainder when 140 is divided by 24.
20
What is the remainder when 77 is divided by 23?
8
What is the remainder when 67 is divided by 16?
3
What is the remainder when 104 is divided by 15?
14
What is the remainder when 1106 is divided by 160?
146
What is the remainder when 2728 is divided by 195?
193
Calculate the remainder when 276 is divided by 93.
90
Calculate the remainder when 1041 is divided by 344.
9
Calculate the remainder when 3718 is divided by 60.
58
Calculate the remainder when 38 is divided by 16.
6
Calculate the remainder when 3436 is divided by 7.
6
What is the remainder when 1372 is divided by 659?
54
What is the remainder when 768 is divided by 22?
20
Calculate the remainder when 203 is divided by 13.
8
Calculate the remainder when 199 is divided by 70.
59
Calculate the remainder when 4716 is divided by 24.
12
Calculate the remainder when 208 is divided by 70.
68
Calculate the remainder when 150 is divided by 41.
27
What is the remainder when 46 is divided by 35?
11
What is the remainder when 193 is divided by 33?
28
What is the remainder when 480 is divided by 109?
44
Calculate the remainder when 239 is divided by 28.
15
Calculate the remainder when 79 is divided by 3.
1
Calculate the remainder when 600 is divided by 155.
135
Calculate the remainder when 30 is divided by 24.
6
What is the remainder when 342 is divided by 96?
54
Calculate the remainder when 564 is divided by 170.
54
What is the remainder when 6599 is divided by 40?
39
What is the remainder when 376 is divided by 54?
52
Calculate the remainder when 238 is divided by 12.
10
What is the remainder when 3280 is divided by 100?
80
Calculate the remainder when 1179 is divided by 7.
3
What is the remainder when 1142 is divided by 26?
24
What is the remainder when 2889 is divided by 957?
18
What is the remainder when 362 is divided by 296?
66
What is the remainder when 93 is divided by 32?
29
What is the remainder when 1465 is divided by 5?
0
What is the remainder when 2345 is divided by 62?
51
Calculate the remainder when 5654 is divided by 101.
99
What is the remainder when 1333 is divided by 46?
45
Calculate the remainder when 1937 is divided by 102.
101
Calculate the remainder when 38580 is divided by 371.
367
What is the remainder when 824 is divided by 2